{"id":16240,"date":"2022-05-30T12:37:41","date_gmt":"2022-05-30T10:37:41","guid":{"rendered":"https:\/\/www.madeingenesi.it\/v3\/portfolio\/ambasciata-della-repubblica-federale-di-germania-2\/"},"modified":"2026-02-06T12:43:00","modified_gmt":"2026-02-06T11:43:00","slug":"ambasciata-della-repubblica-federale-di-germania-2","status":"publish","type":"portfolio","link":"https:\/\/www.madeingenesi.it\/v3\/portfolio\/ambasciata-della-repubblica-federale-di-germania-2\/","title":{"rendered":"Campagna pubblicitaria per l\u2019Anno della Lingua Tedesca &#8220;La lingua tedesca non \u00e8 come te la immagini&#8221;"},"content":{"rendered":"\n<p class=\"wp-block-paragraph\"><strong>La lingua tedesca non \u00e8 come te la immagini<\/strong><\/p>\n\n\n\n<p class=\"wp-block-paragraph\">Per l\u2019Ambasciata della Repubblica Federale di Germania a Roma l\u2019agenzia ha concepito e realizzato la campagna pubblicitaria per promuovere l\u2019Anno della Lingua Tedesca in Italia sia con affissione che sui canali social dell\u2019Ambasciata. Come richiesto dal cliente la campagna avrebbe dovuto sfatare i luoghi comuni \u201cnegativi\u201d della lingua tedesca e proporne un\u2019immagine alternativa, \u201cpositiva\u201de stimolante. Creative e art director hanno quindi immaginato una campagna visual fotografica multisoggetto (sei soggetti in totale) che ha come protagonisti due giovani attori, uomo e donna cos\u00ec da generare maggiore immedesimazione nei destinatari. La campagna, divertente e fantasiosa, \u00e8 stata costruita sull\u2019appeal \u201cesotico\u201d e \u201cinsolito\u201d di sei parole tedesche, campeggianti nel visual. Foto e altri copy presenti cambiano di visual in visual, supportando in modo efficace e creativo il significato di ogni parola: il \u201cpregiudizio\u201d sulla lingua (espresso con un aggettivo diverso per ogni visual) lascia cos\u00ec spazio ad un altro aggettivo la cui finalit\u00e0 \u00e8 quella di regalare alla lingua tedesca un\u2019immagine vincente. A coronare il tutto lo slogan distintivo di campagna: \u201cla lingua tedesca non \u00e8 come te la immagini\u201d. Diffusione con affisione in quattro citt\u00e0 (Napoli, Bari, Palermo, Trapani) e sui profili fb, ig e t dell\u2019Ambasciata.<\/p>\n","protected":false},"featured_media":16674,"template":"","categoria":[13],"cliente":[68],"servizio":[26,28,24],"class_list":["post-16240","portfolio","type-portfolio","status-publish","has-post-thumbnail","hentry","categoria-institutional","cliente-ambasciata-della-repubblica-federale-di-germania-a-roma","servizio-advertising","servizio-communication","servizio-video-production"],"acf":[],"_links":{"self":[{"href":"https:\/\/www.madeingenesi.it\/v3\/wp-json\/wp\/v2\/portfolio\/16240","targetHints":{"allow":["GET"]}}],"collection":[{"href":"https:\/\/www.madeingenesi.it\/v3\/wp-json\/wp\/v2\/portfolio"}],"about":[{"href":"https:\/\/www.madeingenesi.it\/v3\/wp-json\/wp\/v2\/types\/portfolio"}],"wp:featuredmedia":[{"embeddable":true,"href":"https:\/\/www.madeingenesi.it\/v3\/wp-json\/wp\/v2\/media\/16674"}],"wp:attachment":[{"href":"https:\/\/www.madeingenesi.it\/v3\/wp-json\/wp\/v2\/media?parent=16240"}],"wp:term":[{"taxonomy":"categoria","embeddable":true,"href":"https:\/\/www.madeingenesi.it\/v3\/wp-json\/wp\/v2\/categoria?post=16240"},{"taxonomy":"cliente","embeddable":true,"href":"https:\/\/www.madeingenesi.it\/v3\/wp-json\/wp\/v2\/cliente?post=16240"},{"taxonomy":"servizio","embeddable":true,"href":"https:\/\/www.madeingenesi.it\/v3\/wp-json\/wp\/v2\/servizio?post=16240"}],"curies":[{"name":"wp","href":"https:\/\/api.w.org\/{rel}","templated":true}]}}

Campagna pubblicitaria per l’Anno della Lingua Tedesca &#8220;La lingua tedesca non è come te la immagini&#8221;

<p class="wp-block-paragraph"><strong>La lingua tedesca non è come te la immagini</strong></p>



<p class="wp-block-paragraph">Per l’Ambasciata della Repubblica Federale di Germania a Roma l’agenzia ha concepito e realizzato la campagna pubblicitaria per promuovere l’Anno della Lingua Tedesca in Italia sia con affissione che sui canali social dell’Ambasciata. Come richiesto dal cliente la campagna avrebbe dovuto sfatare i luoghi comuni “negativi” della lingua tedesca e proporne un’immagine alternativa, “positiva”e stimolante. Creative e art director hanno quindi immaginato una campagna visual fotografica multisoggetto (sei soggetti in totale) che ha come protagonisti due giovani attori, uomo e donna così da generare maggiore immedesimazione nei destinatari. La campagna, divertente e fantasiosa, è stata costruita sull’appeal “esotico” e “insolito” di sei parole tedesche, campeggianti nel visual. Foto e altri copy presenti cambiano di visual in visual, supportando in modo efficace e creativo il significato di ogni parola: il “pregiudizio” sulla lingua (espresso con un aggettivo diverso per ogni visual) lascia così spazio ad un altro aggettivo la cui finalità è quella di regalare alla lingua tedesca un’immagine vincente. A coronare il tutto lo slogan distintivo di campagna: “la lingua tedesca non è come te la immagini”. Diffusione con affisione in quattro città (Napoli, Bari, Palermo, Trapani) e sui profili fb, ig e t dell’Ambasciata.</p>
