{"id":16241,"date":"2022-06-08T14:18:54","date_gmt":"2022-06-08T12:18:54","guid":{"rendered":"https:\/\/www.madeingenesi.it\/v3\/portfolio\/ambasciata-della-repubblica-federale-di-germania\/"},"modified":"2026-02-06T12:42:51","modified_gmt":"2026-02-06T11:42:51","slug":"ambasciata-della-repubblica-federale-di-germania","status":"publish","type":"portfolio","link":"https:\/\/www.madeingenesi.it\/v3\/portfolio\/ambasciata-della-repubblica-federale-di-germania\/","title":{"rendered":"Campagna di comunicazione per l&#8217;Anno della Lingua Tedesca &#8220;ParlJAmo Tedesco&#8221;"},"content":{"rendered":"\n<p class=\"wp-block-paragraph\">Per l\u2019Ambasciata di Germania \u00e8 stata curata l\u2019identit\u00e0 visiva per l\u2019anno della lingua tedesca 2022, un anno di eventi in tutta Italia che hanno come protagoniste la lingua e la cultura tedesca. ParlJAmo Tedesco \u00e8 il nome della campagna di comunicazione per il quale \u00e8 stato realizzato un originale logotipo. In questo logotipo \u00e8 presente un gioco di parole in cui lo JA (&#8220;s\u00ec&#8221; in tedesco) diventa un simbolo, reso evidente dal colore rosso e caratterizzato da un piccolo cuore che buca la A.<\/p>\n\n\n\n<p class=\"wp-block-paragraph\">Per promuovere l\u2019anno questa identit\u00e0 visiva \u00e8 stata declinata per diversi materiali di comunicazione: dai post social (linguistici, culturali e promozionali di eventi) al calendario eventi pubblicato sul sito dell\u2019Ambasciata. La creativit\u00e0 del progetto \u00e8 stata declinata sulle piattaforme social fb e ig con una serie di post che, attraverso dei giochi di parole, foto, immagini e pittogrammi, comunicano il fascino e l\u2019importanza della lingua tedesca.<a href=\"https:\/\/www.madeingenesi.it\/v2\/wp-content\/uploads\/2022\/06\/Parljamo-Tedesco-boxgrande02.jpg\"><\/a><\/p>\n","protected":false},"featured_media":16662,"template":"","categoria":[13],"cliente":[68],"servizio":[26,28,25],"class_list":["post-16241","portfolio","type-portfolio","status-publish","has-post-thumbnail","hentry","categoria-institutional","cliente-ambasciata-della-repubblica-federale-di-germania-a-roma","servizio-advertising","servizio-communication","servizio-design"],"acf":[],"_links":{"self":[{"href":"https:\/\/www.madeingenesi.it\/v3\/wp-json\/wp\/v2\/portfolio\/16241","targetHints":{"allow":["GET"]}}],"collection":[{"href":"https:\/\/www.madeingenesi.it\/v3\/wp-json\/wp\/v2\/portfolio"}],"about":[{"href":"https:\/\/www.madeingenesi.it\/v3\/wp-json\/wp\/v2\/types\/portfolio"}],"wp:featuredmedia":[{"embeddable":true,"href":"https:\/\/www.madeingenesi.it\/v3\/wp-json\/wp\/v2\/media\/16662"}],"wp:attachment":[{"href":"https:\/\/www.madeingenesi.it\/v3\/wp-json\/wp\/v2\/media?parent=16241"}],"wp:term":[{"taxonomy":"categoria","embeddable":true,"href":"https:\/\/www.madeingenesi.it\/v3\/wp-json\/wp\/v2\/categoria?post=16241"},{"taxonomy":"cliente","embeddable":true,"href":"https:\/\/www.madeingenesi.it\/v3\/wp-json\/wp\/v2\/cliente?post=16241"},{"taxonomy":"servizio","embeddable":true,"href":"https:\/\/www.madeingenesi.it\/v3\/wp-json\/wp\/v2\/servizio?post=16241"}],"curies":[{"name":"wp","href":"https:\/\/api.w.org\/{rel}","templated":true}]}}

<p class="wp-block-paragraph">Per l’Ambasciata di Germania è stata curata l’identità visiva per l’anno della lingua tedesca 2022, un anno di eventi in tutta Italia che hanno come protagoniste la lingua e la cultura tedesca. ParlJAmo Tedesco è il nome della campagna di comunicazione per il quale è stato realizzato un originale logotipo. In questo logotipo è presente un gioco di parole in cui lo JA (&#8220;sì&#8221; in tedesco) diventa un simbolo, reso evidente dal colore rosso e caratterizzato da un piccolo cuore che buca la A.</p>



<p class="wp-block-paragraph">Per promuovere l’anno questa identità visiva è stata declinata per diversi materiali di comunicazione: dai post social (linguistici, culturali e promozionali di eventi) al calendario eventi pubblicato sul sito dell’Ambasciata. La creatività del progetto è stata declinata sulle piattaforme social fb e ig con una serie di post che, attraverso dei giochi di parole, foto, immagini e pittogrammi, comunicano il fascino e l’importanza della lingua tedesca.<a href="https://www.madeingenesi.it/v2/wp-content/uploads/2022/06/Parljamo-Tedesco-boxgrande02.jpg"></a></p>
