{"id":19438,"date":"2025-06-24T14:58:12","date_gmt":"2025-06-24T12:58:12","guid":{"rendered":"https:\/\/www.madeingenesi.it\/v3\/?post_type=portfolio&#038;p=19438"},"modified":"2026-02-06T12:03:22","modified_gmt":"2026-02-06T11:03:22","slug":"actros-l-procabin-incontra-la-street-art","status":"publish","type":"portfolio","link":"https:\/\/www.madeingenesi.it\/v3\/portfolio\/actros-l-procabin-incontra-la-street-art\/","title":{"rendered":"Actros L Procabin incontra la Street Art"},"content":{"rendered":"\n<p class=\"wp-block-paragraph\">Un concept che unisce la street art con la \u201cstrada\u201d che i truck di Mercedes-Benz Trucks vivono ogni giorno. In occasione del lancio del nuovo veicolo Actros L ProCabin, Made in Genesi ha curato la produzione di 5 eventi dislocati in tutta Italia che hanno visto il coinvolgimento di vari artisti nazionali selezionati e\u00a0<em>brieffati<\/em>\u00a0dall\u2019Agenzia con l\u2019intento di valorizzare artisticamente gli elementi fondamentali del veicolo. <\/p>\n\n\n\n<p class=\"wp-block-paragraph\">L\u2019obiettivo di questo progetto, ideato in sinergia con il cliente, \u00e8 stato quello di mettere in comunicazione il mondo truck con quello dell\u2019arte urbana. Alla fine di questo tour il disegno pi\u00f9 bello andr\u00e0 a costituire la livrea del veicolo che sfiler\u00e0 nell\u2019ambito di Misano Grand Prix Truck 2026. Oltre alla pianificazione di tutte le performance, l\u2019Agenzia ha curato ogni singolo allestimento del live painting dello street artist, l\u2019identit\u00e0 visiva del progetto, e ha realizzato un progetto editoriale social ad hoc, arricchito con foto e video di tutti gli eventi.<\/p>\n\n\n\n<p class=\"wp-block-paragraph\"><\/p>\n","protected":false},"featured_media":19441,"template":"","categoria":[115,19],"cliente":[18],"servizio":[28,24],"class_list":["post-19438","portfolio","type-portfolio","status-publish","has-post-thumbnail","hentry","categoria-events","categoria-mobility-transport","cliente-daimler-truck-italia-mercedes-benz-truck-italia","servizio-communication","servizio-video-production"],"acf":[],"_links":{"self":[{"href":"https:\/\/www.madeingenesi.it\/v3\/wp-json\/wp\/v2\/portfolio\/19438","targetHints":{"allow":["GET"]}}],"collection":[{"href":"https:\/\/www.madeingenesi.it\/v3\/wp-json\/wp\/v2\/portfolio"}],"about":[{"href":"https:\/\/www.madeingenesi.it\/v3\/wp-json\/wp\/v2\/types\/portfolio"}],"wp:featuredmedia":[{"embeddable":true,"href":"https:\/\/www.madeingenesi.it\/v3\/wp-json\/wp\/v2\/media\/19441"}],"wp:attachment":[{"href":"https:\/\/www.madeingenesi.it\/v3\/wp-json\/wp\/v2\/media?parent=19438"}],"wp:term":[{"taxonomy":"categoria","embeddable":true,"href":"https:\/\/www.madeingenesi.it\/v3\/wp-json\/wp\/v2\/categoria?post=19438"},{"taxonomy":"cliente","embeddable":true,"href":"https:\/\/www.madeingenesi.it\/v3\/wp-json\/wp\/v2\/cliente?post=19438"},{"taxonomy":"servizio","embeddable":true,"href":"https:\/\/www.madeingenesi.it\/v3\/wp-json\/wp\/v2\/servizio?post=19438"}],"curies":[{"name":"wp","href":"https:\/\/api.w.org\/{rel}","templated":true}]}}

<p class="wp-block-paragraph">Un concept che unisce la street art con la “strada” che i truck di Mercedes-Benz Trucks vivono ogni giorno. In occasione del lancio del nuovo veicolo Actros L ProCabin, Made in Genesi ha curato la produzione di 5 eventi dislocati in tutta Italia che hanno visto il coinvolgimento di vari artisti nazionali selezionati e <em>brieffati</em> dall’Agenzia con l’intento di valorizzare artisticamente gli elementi fondamentali del veicolo. </p>



<p class="wp-block-paragraph">L’obiettivo di questo progetto, ideato in sinergia con il cliente, è stato quello di mettere in comunicazione il mondo truck con quello dell’arte urbana. Alla fine di questo tour il disegno più bello andrà a costituire la livrea del veicolo che sfilerà nell’ambito di Misano Grand Prix Truck 2026. Oltre alla pianificazione di tutte le performance, l’Agenzia ha curato ogni singolo allestimento del live painting dello street artist, l’identità visiva del progetto, e ha realizzato un progetto editoriale social ad hoc, arricchito con foto e video di tutti gli eventi.</p>



<p class="wp-block-paragraph"></p>
